6, -3*u - 771 = -45*r. Calculate the remainder when y is divided by r.
11
Suppose 0 = z + 4*c - 44, -29*z + 33*z + c - 161 = 0. What is the remainder when 81 is divided by z?
1
Suppose 0 = 25*k + 29 - 304. What is the remainder when 268 is divided by 0 + 746/k + 30/165?
64
Suppose 0 = -13*x - 1027 + 13520. Calculate the remainder when x is divided by 474.
13
Let n = 28 + -17. Let a = -172 - -169. Calculate the remainder when n is divided by ((-9)/a + 18)*4/12.
4
Let n(r) = -r**3 + 3*r**2 - 6*r + 276. Let l be n(0). Let w = l - 223. What is the remainder when 101 is divided by w?
48
Suppose 19*x = 5*j + 16*x - 6582, j - x - 1316 = 0. Calculate the remainder when j is divided by 60.
57
Let w be (2/(-4) - -2)*8/6. Suppose b = -5*c + 63, w*c + 2*c - 59 = -b. Let u = b - 37. Calculate the remainder when 15 is divided by u.
3
Let l(n) = 3*n + 7*n + 4*n**2 - 5*n - 4. Let a(w) = -38*w**3 + 4*w**2 + 12*w + 7. What is the remainder when l(-6) is divided by a(-1)?
36
Suppose -3*i + 4 + 8 = 0. Let l(o) = 3*o**2 + 5*o - 4. Calculate the remainder when l(i) is divided by (204/(-9))/((-32)/24).
13
Let u = -3 - -1. Let n = -837 + 836. Calculate the remainder when 70 is divided by n*u/4 - (-70)/4.
16
What is the remainder when (9*1)/((-279)/(-20739)) is divided by 16?
13
Let u(n) = 158*n**2 - 130*n + 264. Calculate the remainder when u(2) is divided by 301.
34
Let r(b) = 4*b + 65 - 3*b - 7*b - 15. Let f be r(7). Suppose -17 = -f*m + 687. Calculate the remainder when m is divided by 10.
8
Let c = 37889 + -37855. Calculate the remainder when 16929 is divided by c.
31
Let a(b) = b**2 - b - 551. What is the remainder when a(25) is divided by 48?
1
Let i be (3 - 0/4) + 8/2. Suppose -z + i*z = 780. Suppose -8*t = -z - 46. Calculate the remainder when 86 is divided by t.
20
Calculate the remainder when 331 is divided by (-28)/(-182) - 1225/(-65).
8
Suppose 4455 + 410 = 35*j. What is the remainder when j is divided by 48?
43
Let y = -3710 - -3733. Calculate the remainder when 546 is divided by y.
17
Suppose -5880 - 6128 = -152*z. Suppose o + 58 = 2*v, 23 = -2*v + 3*v - 2*o. What is the remainder when z is divided by v?
17
Let g(r) = 27*r**2 + r + 1. Let m = 5752 - 5738. Calculate the remainder when g(-1) is divided by m.
13
Suppose 5*y + 15 = -10*y. Let a(k) = 18*k**2. What is the remainder when (204/(-10))/((-6)/20) is divided by a(y)?
14
Let z(l) = 328*l + 30. Let f be z(-1). Let m = 311 + f. What is the remainder when 49 is divided by m?
10
Let a be (-3)/2*(-16)/(-6) + 166. Suppose 9*b - a = 3*b. Calculate the remainder when 160 is divided by b.
25
Let c = -144 + 186. Calculate the remainder when 1*27*98/c is divided by 23.
17
Let s = 13998 - 13360. Calculate the remainder when s is divided by 59.
48
Suppose 0 = -435*u + 454*u - 4693. Calculate the remainder when u is divided by 39.
13
Suppose -342*g + 92*g - 57472 = -176722. Calculate the remainder when g is divided by 467.
10
Calculate the remainder when 1322*(-2 - -1)*14/(-28) is divided by 361.
300
Let g(m) = 3*m + 22. Let z be g(0). Suppose 0 = z*l - 9*l - 598. What is the remainder when 229 is divided by l?
45
Let h = 692 + -690. What is the remainder when (-392)/h*9/(-6) is divided by 37?
35
Let z(v) = -v**3 - 11*v**2 - 9*v - 425. Calculate the remainder when 1733 is divided by z(-14).
288
Let s(w) = 25*w**2 - 134*w - 271. Calculate the remainder when s(-12) is divided by 38.
35
Suppose 162 = -5*o + 3*u + 237, 75 = 5*o - 5*u. What is the remainder when 2819 is divided by o?
14
Let n = 7 + 0. Let v(y) = -2*y + 24. Suppose 14*k = -44 - 26. Calculate the remainder when v(k) is divided by n.
6
Suppose -4*b + 2*q + 246 = 0, -2*q - 306 = b - 6*b. Calculate the remainder when b is divided by (-4)/((-36)/(-21) - (-1 + 3)).
4
Let r(t) = 25*t**2 - 81*t + 123. What is the remainder when 1093 is divided by r(2)?
56
Let u(k) = -2*k**3 - 7*k**2 + 2*k + 5. Let s = 957 - 223. Let w = 771 - s. What is the remainder when u(-5) is divided by w?
33
Suppose -21*i + 4*i - 1768 = 0. Let b = i + 138. Suppose 3*p - 254 - 145 = 0. Calculate the remainder when p is divided by b.
31
Suppose o + 0*h = -2*h + 118, -4*o + 446 = -5*h. Calculate the remainder when o is divided by 86.
28
Let u be 1 - (5*6 + -2). Let d = 3543 - 3512. Let n = u + d. Calculate the remainder when n is divided by 1.
0
Let o = 1293 - 438. Suppose -k - 54 = -4*h, -3*k + 35 - 184 = h. What is the remainder when 5*((-3)/(-2) - o/k) is divided by 12?
9
Suppose 196 = -14*j + 16*j. Let v be 7 - (-110)/(-15) - (-356)/(-3). Let b = -86 - v. Calculate the remainder when j is divided by b.
32
Calculate the remainder when (-18)/21 + 9740/28 is divided by 168.
11
Let u be 24/(-11) + 2 - (-6115)/55. Suppose -33 = -2*l + u. Calculate the remainder when 263 is divided by l.
47
Let j(v) = -23*v + 97. Let t be j(4). Let m(c) = c**3 - 3*c**2 - 2*c - 30. Calculate the remainder when 299 is divided by m(t).
9
Suppose 9076*d + 16176 = 9100*d. Calculate the remainder when d is divided by 204.
62
Let r = -355 + 358. Suppose 2*y - 76 = -i - r*y, -2*i + 3*y + 152 = 0. Calculate the remainder when i is divided by 11.
10
Let j(g) = g**3 - 3*g**2 - 2*g + 4. Let x be j(6). Suppose -w + x = 3*w. Calculate the remainder when (-724)/(-16) - (-44)/16 is divided by w.
23
Suppose -5*y = 2*d - 8*y - 2524, 2*y - 8 = 0. What is the remainder when d is divided by 106?
102
Let v = -7183 + 10831. Calculate the remainder when v is divided by 13.
8
Let p = -26 + 31. Suppose 8 = -2*u, 34 = -p*a + u + 253. Suppose 64*g - 18*g = 1150. What is the remainder when a is divided by g?
18
Let i(y) = y**3 + 15*y**2 + 15*y + 10. Let k be i(-14). Let n = 50 + k. Calculate the remainder when 129 is divided by n.
37
Let x(r) = r**3 + 3*r**2 + 2*r + 103. Let n be x(0). Let a = 130 - n. Calculate the remainder when 98 is divided by a.
17
Suppose m - 14 = 16*s - 13*s, -3*s = 3*m - 42. Calculate the remainder when 668 is divided by m.
10
Let z = 18 + -17. Let q(i) = 110*i - 4. What is the remainder when q(z) is divided by 18?
16
Suppose -45 = 2*l - 5*l. Let q = -6 + l. Let o(d) = 21*d - 24. Calculate the remainder when o(4) is divided by q.
6
Suppose 2*p - 5*d = 130, -4*d - 121 = -4*p + 115. What is the remainder when 641 is divided by p?
36
Suppose t - 2*c + 8 = c, -3*t + 4*c + 1 = 0. Suppose 4 = t*g - 17. Suppose g*u + 3 = 60. Calculate the remainder when u is divided by 10.
9
Calculate the remainder when 435 + 0 + (-11 - (-14)/((-182)/(-169))) is divided by 55.
52
Suppose -10*o + o = 0. Suppose -g + 6*g - 5*b = 30, o = 4*g + 3*b - 38. What is the remainder when 86 is divided by g?
6
Suppose -m - 4*i + 14 = 0, 32 = 3*m + 3*i - i. Suppose 1086 = m*j - 174. Calculate the remainder when j is divided by 32.
30
Let l(g) = g**2 - 2*g + 69. Let s be l(12). Let p = s + -162. What is the remainder when 265 is divided by p?
22
Let i(q) = 86*q + 81. Let r(z) = -12*z - 10. What is the remainder when i(0) is divided by r(-4)?
5
Suppose -3*p - 2*p = 10, 5*l + p - 1838 = 0. Suppose -33*j - 142*j + 6492 + 6458 = 0. Calculate the remainder when l is divided by j.
72
What is the remainder when -6*470/(-35)*(-9 + 170/15) is divided by 7?
6
Suppose 180928 + 204366 = 182*k. Calculate the remainder when k is divided by 10.
7
Suppose -3*l + 306 = 36. Suppose 3*u + 177 = 31*d - 27*d, 5 = u. What is the remainder when l is divided by d?
42
Let v = -179 + 180. What is the remainder when 36 is divided by 12/18 - v - 158/(-6)?
10
Suppose 8*p - 5 = 3. Let u(a) = 134*a**2 - 3*a + 2. Calculate the remainder when u(p) is divided by 34.
31
Suppose -64 = -5*p - k, 8*k - 37 = -3*p + 6*k. Suppose -4*q - 3*a = -6*a - 51, q = a + p. What is the remainder when 46 is divided by q?
10
Suppose -44 + 34 = -5*f. Suppose 0 = -f*p + 5 + 3, -5*g + 3*p + 103 = 0. Calculate the remainder when g is divided by 9.
5
Let h = -93 - -93. Suppose 4*a = -3*q + 3*a - 14, h = -2*q + 3*a - 2. Let w = 58 + q. Calculate the remainder when w is divided by 14.
12
Let p(q) = -2*q + 22. Let t = -606 + 608. What is the remainder when 43 is divided by p(t)?
7
Suppose -3*d - f + 0*f + 75 = 0, -d = 2*f - 30. Suppose 0 = 7*u + 11*u - 2112 + 1068. Calculate the remainder when u is divided by d.
10
Let q = -61 - -64. Let p(v) = 15*v - 1. What is the remainder when p(q) is divided by 38?
6